{"id":1813,"date":"2019-04-12T13:38:08","date_gmt":"2019-04-12T11:38:08","guid":{"rendered":"https:\/\/elexxion.dev.felix.media\/?page_id=1813"},"modified":"2022-01-12T14:17:34","modified_gmt":"2022-01-12T13:17:34","slug":"historie","status":"publish","type":"page","link":"https:\/\/www.elexxion.com\/de\/unternehmen\/historie\/","title":{"rendered":"Historie"},"content":{"rendered":"<p>[vc_section css=&#8220;.vc_custom_1641993439663{padding-top: 80px !important;padding-bottom: 80px !important;}&#8220; el_id=&#8220;home&#8220; el_class=&#8220;produkte unternehmen&#8220;][vc_row el_class=&#8220;fm-seo-breadcrumbs&#8220;][vc_column el_class=&#8220;smaller&#8220;][vc_column_text]<span><span><a href=\"https:\/\/www.elexxion.com\/de\/\">Home<\/a><\/span>[\/vc_column_text][\/vc_column][\/vc_row][vc_row][vc_column width=&#8220;1\/3&#8243; el_class=&#8220;smaller&#8220; offset=&#8220;vc_col-lg-3 vc_col-md-3 vc_col-xs-12&#8243;][\/vc_column][vc_column width=&#8220;2\/3&#8243; offset=&#8220;vc_col-lg-9 vc_col-md-9 vc_col-xs-12&#8243;][vc_column_text]<\/p>\n<h3>Historie<\/h3>\n<h3 class=\"font-weight-400\">der elexxion AG<\/h3>\n<p>[\/vc_column_text][\/vc_column][\/vc_row][vc_row][vc_column width=&#8220;1\/3&#8243; offset=&#8220;vc_col-lg-3 vc_col-md-3 vc_col-xs-12&#8243; el_class=&#8220;side-navi-wrapper&#8220;][vc_column_text]<\/p>\n<div class=\"smaller side-navi\">\n<ul>\n<li><span class=\"active\">Historie<\/span><\/li>\n<li><a href=\"https:\/\/www.elexxion.com\/de\/unternehmen\/organe\/\">Organe<\/a>\n<ul>\n<li><a href=\"https:\/\/www.elexxion.com\/de\/unternehmen\/organe\/vorstand\/\">Vorstand<\/a><\/li>\n<li><a href=\"https:\/\/www.elexxion.com\/de\/unternehmen\/organe\/aufsichtsrat\/\">Aufsichtsrat<\/a><\/li>\n<\/ul>\n<\/li>\n<li><a href=\"https:\/\/www.elexxion.com\/de\/unternehmen\/forschung-und-entwicklung\/\">Forschung und Entwicklung<\/a><\/li>\n<li><a href=\"https:\/\/www.elexxion.com\/de\/unternehmen\/qualitaetsmanagement\/\">Qualit\u00e4tsmanagement<\/a><\/li>\n<li><a href=\"https:\/\/www.elexxion.com\/de\/unternehmen\/karriere\/\">Karriere<\/a><\/li>\n<li><a href=\"https:\/\/www.elexxion.com\/de\/unternehmen\/autorisierte-vertriebspartner\/\">Autorisierte Vertriebspartner<\/a><\/li>\n<\/ul>\n<\/div>\n<p>[\/vc_column_text][\/vc_column][vc_column width=&#8220;2\/3&#8243; offset=&#8220;vc_col-lg-9 vc_col-md-9 vc_col-xs-12&#8243; el_class=&#8220;products&#8220;][vc_row_inner css=&#8220;.vc_custom_1554976324184{padding-top: 20px !important;padding-right: 20px !important;padding-bottom: 20px !important;padding-left: 20px !important;}&#8220;][vc_column_inner el_class=&#8220;product-container&#8220;][vc_column_text]<\/p>\n<p><strong>Menschen brauchen Ziele, Tr\u00e4ume und Visionen. Den Tr\u00e4umern und Vision\u00e4ren von heute geh\u00f6rt die Welt von morgen.<\/strong><\/p>\n<p>Das Zitat stammt von einem unbekannten Autor des Mittelalters. Mit diesen Tr\u00e4umen haben Martin Klarenaar und Olaf Sch\u00e4fer das Unternehmen elexxion GmbH gegr\u00fcndet. Die eigentliche Vision war, endlich dentale Laser auf den Markt zu bringen, mit denen Zahn\u00e4rzte ihren Patienten eine au\u00dfergew\u00f6hnlich angenehme Behandlung zukommen lassen k\u00f6nnen.<\/p>\n<ul>\n<li>Schmerzarme bis schmerzfreie Behandlungen m\u00f6glichst ohne Spritze<\/li>\n<li>Blutungsfreie Chirurgie<\/li>\n<li>Verbesserte Wundheilung<\/li>\n<li>Schmerzbehandlungen<\/li>\n<li>Selektives Abtragen von Hartgewebe<\/li>\n<li>Effektive und dabei nicht invasive PA und Periimplantitis Therapien<\/li>\n<li>Langfristig gute Ergebnisse mit m\u00f6glichst wenig Rezidiven in der PA und Endo<\/li>\n<\/ul>\n<p>elexxion hat von Beginn an auf leistungsstarke und hochgepulste Technologien gesetzt und diese entwickelt.<br \/>\nMit Stolz d\u00fcrfen wir heute behaupten, zu den weltweit f\u00fchrenden Laserspezialisten zu geh\u00f6ren.<\/p>\n<p><strong>Chronologie:<\/strong><\/p>\n<ul>\n<li>2002 Gr\u00fcndung der elexxion GmbH<\/li>\n<li>2003 Aufbau der Entwicklungs- und Produktionsstrukturen im eigenen Hause<\/li>\n<li>2004 Fertigstellung des ersten erfolgreichen Diodenlasers elexxion claros f\u00fcr die Dekontamination und das Weichgewebe<\/li>\n<li>2004 Start der Entwicklung des Hartgewebe- und Kombinationslasers elexxion delos<\/li>\n<li>2005 Umzug in die \u201edental academy\u201c mit der ersten gl\u00e4sernen Produktion in Radolfzell<\/li>\n<li>2006 Entrepreneurs des Jahres 2006 by Ernst &amp; Young<\/li>\n<li>2006 B\u00f6rsengang, gelistet im Entry Standard der Frankfurter B\u00f6rse<\/li>\n<li>2007 Start der Entwicklung eines PTT Wirkstoffes \u201eperio green&#8220;<\/li>\n<li>2008 verl\u00e4sst M. Klarenaar das Unternehmen und P. Liljenqvist wird neuer Vorstand<\/li>\n<li>2010 Entwicklung des Lasers claros pico<\/li>\n<li>2013 M. Klarenaar wird erneut zum Vorstand der elexxion AG<\/li>\n<li>2013 Entwicklung des Lasers pico lite f\u00fcr die Aktivierung von perio green<\/li>\n<li>2013 Markteinf\u00fchrung von perio green<\/li>\n<li>2015 Umzug nach Singen<\/li>\n<\/ul>\n<p>[\/vc_column_text][\/vc_column_inner][\/vc_row_inner][\/vc_column][\/vc_row][\/vc_section]<\/p>\n","protected":false},"excerpt":{"rendered":"<p>[vc_section css=&#8220;.vc_custom_1641993439663{padding-top: 80px !important;padding-bottom: 80px !important;}&#8220; el_id=&#8220;home&#8220; el_class=&#8220;produkte unternehmen&#8220;][vc_row el_class=&#8220;fm-seo-breadcrumbs&#8220;][vc_column el_class=&#8220;smaller&#8220;][vc_column_text][\/vc_column_text][\/vc_column][\/vc_row][vc_row][vc_column width=&#8220;1\/3&#8243; el_class=&#8220;smaller&#8220; offset=&#8220;vc_col-lg-3 vc_col-md-3 vc_col-xs-12&#8243;][\/vc_column][vc_column width=&#8220;2\/3&#8243; offset=&#8220;vc_col-lg-9 vc_col-md-9 vc_col-xs-12&#8243;][vc_column_text]&#8230;<\/p>\n","protected":false},"author":1,"featured_media":0,"parent":1809,"menu_order":0,"comment_status":"closed","ping_status":"open","template":"","meta":[],"yoast_head":"<!-- This site is optimized with the Yoast SEO plugin v17.9 - https:\/\/yoast.com\/wordpress\/plugins\/seo\/ -->\n<title>Historie - elexxion AG - dental laser - dentale Diodenlaser (Weichgewebe)<\/title>\n<meta name=\"description\" content=\"elexxion ag - deutscher Hersteller von Dental Lasern. Diodenlaser f\u00fcr Weichgewebe und Er:YAG-Laser f\u00fcr Hartgewebe\" \/>\n<meta name=\"robots\" content=\"index, follow, max-snippet:-1, max-image-preview:large, max-video-preview:-1\" \/>\n<link rel=\"canonical\" href=\"https:\/\/www.elexxion.com\/de\/unternehmen\/historie\/\" \/>\n<meta property=\"og:locale\" content=\"de_DE\" \/>\n<meta property=\"og:type\" content=\"article\" \/>\n<meta property=\"og:title\" content=\"Historie - elexxion AG - dental laser - dentale Diodenlaser (Weichgewebe)\" \/>\n<meta property=\"og:description\" content=\"elexxion ag - deutscher Hersteller von Dental Lasern. Diodenlaser f\u00fcr Weichgewebe und Er:YAG-Laser f\u00fcr Hartgewebe\" \/>\n<meta property=\"og:url\" content=\"https:\/\/www.elexxion.com\/de\/unternehmen\/historie\/\" \/>\n<meta property=\"og:site_name\" content=\"elexxion AG - dental laser - dentale Diodenlaser (Weichgewebe)\" \/>\n<meta property=\"article:modified_time\" content=\"2022-01-12T13:17:34+00:00\" \/>\n<meta name=\"twitter:card\" content=\"summary_large_image\" \/>\n<meta name=\"twitter:label1\" content=\"Gesch\u00e4tzte Lesezeit\" \/>\n\t<meta name=\"twitter:data1\" content=\"2 Minuten\" \/>\n<script type=\"application\/ld+json\" class=\"yoast-schema-graph\">{\"@context\":\"https:\/\/schema.org\",\"@graph\":[{\"@type\":\"WebSite\",\"@id\":\"https:\/\/www.elexxion.com\/de\/#website\",\"url\":\"https:\/\/www.elexxion.com\/de\/\",\"name\":\"elexxion AG - dental laser - dentale Diodenlaser (Weichgewebe)\",\"description\":\"elexxion AG - dental laser - dentale Diodenlaser (Weichgewebe)\",\"potentialAction\":[{\"@type\":\"SearchAction\",\"target\":{\"@type\":\"EntryPoint\",\"urlTemplate\":\"https:\/\/www.elexxion.com\/de\/?s={search_term_string}\"},\"query-input\":\"required name=search_term_string\"}],\"inLanguage\":\"de-DE\"},{\"@type\":\"WebPage\",\"@id\":\"https:\/\/www.elexxion.com\/de\/unternehmen\/historie\/#webpage\",\"url\":\"https:\/\/www.elexxion.com\/de\/unternehmen\/historie\/\",\"name\":\"Historie - elexxion AG - dental laser - dentale Diodenlaser (Weichgewebe)\",\"isPartOf\":{\"@id\":\"https:\/\/www.elexxion.com\/de\/#website\"},\"datePublished\":\"2019-04-12T11:38:08+00:00\",\"dateModified\":\"2022-01-12T13:17:34+00:00\",\"description\":\"elexxion ag - deutscher Hersteller von Dental Lasern. Diodenlaser f\\u00fcr Weichgewebe und Er:YAG-Laser f\\u00fcr Hartgewebe\",\"breadcrumb\":{\"@id\":\"https:\/\/www.elexxion.com\/de\/unternehmen\/historie\/#breadcrumb\"},\"inLanguage\":\"de-DE\",\"potentialAction\":[{\"@type\":\"ReadAction\",\"target\":[\"https:\/\/www.elexxion.com\/de\/unternehmen\/historie\/\"]}]},{\"@type\":\"BreadcrumbList\",\"@id\":\"https:\/\/www.elexxion.com\/de\/unternehmen\/historie\/#breadcrumb\",\"itemListElement\":[{\"@type\":\"ListItem\",\"position\":1,\"name\":\"Home\",\"item\":\"https:\/\/www.elexxion.com\/de\/\"},{\"@type\":\"ListItem\",\"position\":2,\"name\":\"Unternehmen\",\"item\":\"https:\/\/www.elexxion.com\/de\/unternehmen\/\"},{\"@type\":\"ListItem\",\"position\":3,\"name\":\"Historie\"}]}]}<\/script>\n<!-- \/ Yoast SEO plugin. -->","yoast_head_json":{"title":"Historie - elexxion AG - dental laser - dentale Diodenlaser (Weichgewebe)","description":"elexxion ag - deutscher Hersteller von Dental Lasern. Diodenlaser f\u00fcr Weichgewebe und Er:YAG-Laser f\u00fcr Hartgewebe","robots":{"index":"index","follow":"follow","max-snippet":"max-snippet:-1","max-image-preview":"max-image-preview:large","max-video-preview":"max-video-preview:-1"},"canonical":"https:\/\/www.elexxion.com\/de\/unternehmen\/historie\/","og_locale":"de_DE","og_type":"article","og_title":"Historie - elexxion AG - dental laser - dentale Diodenlaser (Weichgewebe)","og_description":"elexxion ag - deutscher Hersteller von Dental Lasern. Diodenlaser f\u00fcr Weichgewebe und Er:YAG-Laser f\u00fcr Hartgewebe","og_url":"https:\/\/www.elexxion.com\/de\/unternehmen\/historie\/","og_site_name":"elexxion AG - dental laser - dentale Diodenlaser (Weichgewebe)","article_modified_time":"2022-01-12T13:17:34+00:00","twitter_card":"summary_large_image","twitter_misc":{"Gesch\u00e4tzte Lesezeit":"2 Minuten"},"schema":{"@context":"https:\/\/schema.org","@graph":[{"@type":"WebSite","@id":"https:\/\/www.elexxion.com\/de\/#website","url":"https:\/\/www.elexxion.com\/de\/","name":"elexxion AG - dental laser - dentale Diodenlaser (Weichgewebe)","description":"elexxion AG - dental laser - dentale Diodenlaser (Weichgewebe)","potentialAction":[{"@type":"SearchAction","target":{"@type":"EntryPoint","urlTemplate":"https:\/\/www.elexxion.com\/de\/?s={search_term_string}"},"query-input":"required name=search_term_string"}],"inLanguage":"de-DE"},{"@type":"WebPage","@id":"https:\/\/www.elexxion.com\/de\/unternehmen\/historie\/#webpage","url":"https:\/\/www.elexxion.com\/de\/unternehmen\/historie\/","name":"Historie - elexxion AG - dental laser - dentale Diodenlaser (Weichgewebe)","isPartOf":{"@id":"https:\/\/www.elexxion.com\/de\/#website"},"datePublished":"2019-04-12T11:38:08+00:00","dateModified":"2022-01-12T13:17:34+00:00","description":"elexxion ag - deutscher Hersteller von Dental Lasern. Diodenlaser f\u00fcr Weichgewebe und Er:YAG-Laser f\u00fcr Hartgewebe","breadcrumb":{"@id":"https:\/\/www.elexxion.com\/de\/unternehmen\/historie\/#breadcrumb"},"inLanguage":"de-DE","potentialAction":[{"@type":"ReadAction","target":["https:\/\/www.elexxion.com\/de\/unternehmen\/historie\/"]}]},{"@type":"BreadcrumbList","@id":"https:\/\/www.elexxion.com\/de\/unternehmen\/historie\/#breadcrumb","itemListElement":[{"@type":"ListItem","position":1,"name":"Home","item":"https:\/\/www.elexxion.com\/de\/"},{"@type":"ListItem","position":2,"name":"Unternehmen","item":"https:\/\/www.elexxion.com\/de\/unternehmen\/"},{"@type":"ListItem","position":3,"name":"Historie"}]}]}},"_links":{"self":[{"href":"https:\/\/www.elexxion.com\/de\/wp-json\/wp\/v2\/pages\/1813"}],"collection":[{"href":"https:\/\/www.elexxion.com\/de\/wp-json\/wp\/v2\/pages"}],"about":[{"href":"https:\/\/www.elexxion.com\/de\/wp-json\/wp\/v2\/types\/page"}],"author":[{"embeddable":true,"href":"https:\/\/www.elexxion.com\/de\/wp-json\/wp\/v2\/users\/1"}],"replies":[{"embeddable":true,"href":"https:\/\/www.elexxion.com\/de\/wp-json\/wp\/v2\/comments?post=1813"}],"version-history":[{"count":9,"href":"https:\/\/www.elexxion.com\/de\/wp-json\/wp\/v2\/pages\/1813\/revisions"}],"predecessor-version":[{"id":5062,"href":"https:\/\/www.elexxion.com\/de\/wp-json\/wp\/v2\/pages\/1813\/revisions\/5062"}],"up":[{"embeddable":true,"href":"https:\/\/www.elexxion.com\/de\/wp-json\/wp\/v2\/pages\/1809"}],"wp:attachment":[{"href":"https:\/\/www.elexxion.com\/de\/wp-json\/wp\/v2\/media?parent=1813"}],"curies":[{"name":"wp","href":"https:\/\/api.w.org\/{rel}","templated":true}]}}

<p>[vc_section css=&#8220;.vc_custom_1641993439663{padding-top: 80px !important;padding-bottom: 80px !important;}&#8220; el_id=&#8220;home&#8220; el_class=&#8220;produkte unternehmen&#8220;][vc_row el_class=&#8220;fm-seo-breadcrumbs&#8220;][vc_column el_class=&#8220;smaller&#8220;][vc_column_text]<span><span><a href="https://www.elexxion.com/de/">Home</a></span>[/vc_column_text][/vc_column][/vc_row][vc_row][vc_column width=&#8220;1/3&#8243; el_class=&#8220;smaller&#8220; offset=&#8220;vc_col-lg-3 vc_col-md-3 vc_col-xs-12&#8243;][/vc_column][vc_column width=&#8220;2/3&#8243; offset=&#8220;vc_col-lg-9 vc_col-md-9 vc_col-xs-12&#8243;][vc_column_text]</p>
<h3>Historie</h3>
<h3 class="font-weight-400">der elexxion AG</h3>
<p>[/vc_column_text][/vc_column][/vc_row][vc_row][vc_column width=&#8220;1/3&#8243; offset=&#8220;vc_col-lg-3 vc_col-md-3 vc_col-xs-12&#8243; el_class=&#8220;side-navi-wrapper&#8220;][vc_column_text]</p>
<div class="smaller side-navi">
<ul>
<li><span class="active">Historie</span></li>
<li><a href="https://www.elexxion.com/de/unternehmen/organe/">Organe</a>
<ul>
<li><a href="https://www.elexxion.com/de/unternehmen/organe/vorstand/">Vorstand</a></li>
<li><a href="https://www.elexxion.com/de/unternehmen/organe/aufsichtsrat/">Aufsichtsrat</a></li>
</ul>
</li>
<li><a href="https://www.elexxion.com/de/unternehmen/forschung-und-entwicklung/">Forschung und Entwicklung</a></li>
<li><a href="https://www.elexxion.com/de/unternehmen/qualitaetsmanagement/">Qualitätsmanagement</a></li>
<li><a href="https://www.elexxion.com/de/unternehmen/karriere/">Karriere</a></li>
<li><a href="https://www.elexxion.com/de/unternehmen/autorisierte-vertriebspartner/">Autorisierte Vertriebspartner</a></li>
</ul>
</div>
<p>[/vc_column_text][/vc_column][vc_column width=&#8220;2/3&#8243; offset=&#8220;vc_col-lg-9 vc_col-md-9 vc_col-xs-12&#8243; el_class=&#8220;products&#8220;][vc_row_inner css=&#8220;.vc_custom_1554976324184{padding-top: 20px !important;padding-right: 20px !important;padding-bottom: 20px !important;padding-left: 20px !important;}&#8220;][vc_column_inner el_class=&#8220;product-container&#8220;][vc_column_text]</p>
<p><strong>Menschen brauchen Ziele, Träume und Visionen. Den Träumern und Visionären von heute gehört die Welt von morgen.</strong></p>
<p>Das Zitat stammt von einem unbekannten Autor des Mittelalters. Mit diesen Träumen haben Martin Klarenaar und Olaf Schäfer das Unternehmen elexxion GmbH gegründet. Die eigentliche Vision war, endlich dentale Laser auf den Markt zu bringen, mit denen Zahnärzte ihren Patienten eine außergewöhnlich angenehme Behandlung zukommen lassen können.</p>
<ul>
<li>Schmerzarme bis schmerzfreie Behandlungen möglichst ohne Spritze</li>
<li>Blutungsfreie Chirurgie</li>
<li>Verbesserte Wundheilung</li>
<li>Schmerzbehandlungen</li>
<li>Selektives Abtragen von Hartgewebe</li>
<li>Effektive und dabei nicht invasive PA und Periimplantitis Therapien</li>
<li>Langfristig gute Ergebnisse mit möglichst wenig Rezidiven in der PA und Endo</li>
</ul>
<p>elexxion hat von Beginn an auf leistungsstarke und hochgepulste Technologien gesetzt und diese entwickelt.<br />
Mit Stolz dürfen wir heute behaupten, zu den weltweit führenden Laserspezialisten zu gehören.</p>
<p><strong>Chronologie:</strong></p>
<ul>
<li>2002 Gründung der elexxion GmbH</li>
<li>2003 Aufbau der Entwicklungs- und Produktionsstrukturen im eigenen Hause</li>
<li>2004 Fertigstellung des ersten erfolgreichen Diodenlasers elexxion claros für die Dekontamination und das Weichgewebe</li>
<li>2004 Start der Entwicklung des Hartgewebe- und Kombinationslasers elexxion delos</li>
<li>2005 Umzug in die „dental academy“ mit der ersten gläsernen Produktion in Radolfzell</li>
<li>2006 Entrepreneurs des Jahres 2006 by Ernst &amp; Young</li>
<li>2006 Börsengang, gelistet im Entry Standard der Frankfurter Börse</li>
<li>2007 Start der Entwicklung eines PTT Wirkstoffes „perio green&#8220;</li>
<li>2008 verlässt M. Klarenaar das Unternehmen und P. Liljenqvist wird neuer Vorstand</li>
<li>2010 Entwicklung des Lasers claros pico</li>
<li>2013 M. Klarenaar wird erneut zum Vorstand der elexxion AG</li>
<li>2013 Entwicklung des Lasers pico lite für die Aktivierung von perio green</li>
<li>2013 Markteinführung von perio green</li>
<li>2015 Umzug nach Singen</li>
</ul>
<p>[/vc_column_text][/vc_column_inner][/vc_row_inner][/vc_column][/vc_row][/vc_section]</p>

<!-- This site is optimized with the Yoast SEO plugin v17.9 - https://yoast.com/wordpress/plugins/seo/ -->
<title>Historie - elexxion AG - dental laser - dentale Diodenlaser (Weichgewebe)</title>
<meta name="description" content="elexxion ag - deutscher Hersteller von Dental Lasern. Diodenlaser für Weichgewebe und Er:YAG-Laser für Hartgewebe" />
<meta name="robots" content="index, follow, max-snippet:-1, max-image-preview:large, max-video-preview:-1" />
<link rel="canonical" href="https://www.elexxion.com/de/unternehmen/historie/" />
<meta property="og:locale" content="de_DE" />
<meta property="og:type" content="article" />
<meta property="og:title" content="Historie - elexxion AG - dental laser - dentale Diodenlaser (Weichgewebe)" />
<meta property="og:description" content="elexxion ag - deutscher Hersteller von Dental Lasern. Diodenlaser für Weichgewebe und Er:YAG-Laser für Hartgewebe" />
<meta property="og:url" content="https://www.elexxion.com/de/unternehmen/historie/" />
<meta property="og:site_name" content="elexxion AG - dental laser - dentale Diodenlaser (Weichgewebe)" />
<meta property="article:modified_time" content="2022-01-12T13:17:34+00:00" />
<meta name="twitter:card" content="summary_large_image" />
<meta name="twitter:label1" content="Geschätzte Lesezeit" />
	<meta name="twitter:data1" content="2 Minuten" />
<script type="application/ld+json" class="yoast-schema-graph">{"@context":"https://schema.org","@graph":[{"@type":"WebSite","@id":"https://www.elexxion.com/de/#website","url":"https://www.elexxion.com/de/","name":"elexxion AG - dental laser - dentale Diodenlaser (Weichgewebe)","description":"elexxion AG - dental laser - dentale Diodenlaser (Weichgewebe)","potentialAction":[{"@type":"SearchAction","target":{"@type":"EntryPoint","urlTemplate":"https://www.elexxion.com/de/?s={search_term_string}"},"query-input":"required name=search_term_string"}],"inLanguage":"de-DE"},{"@type":"WebPage","@id":"https://www.elexxion.com/de/unternehmen/historie/#webpage","url":"https://www.elexxion.com/de/unternehmen/historie/","name":"Historie - elexxion AG - dental laser - dentale Diodenlaser (Weichgewebe)","isPartOf":{"@id":"https://www.elexxion.com/de/#website"},"datePublished":"2019-04-12T11:38:08+00:00","dateModified":"2022-01-12T13:17:34+00:00","description":"elexxion ag - deutscher Hersteller von Dental Lasern. Diodenlaser f\u00fcr Weichgewebe und Er:YAG-Laser f\u00fcr Hartgewebe","breadcrumb":{"@id":"https://www.elexxion.com/de/unternehmen/historie/#breadcrumb"},"inLanguage":"de-DE","potentialAction":[{"@type":"ReadAction","target":["https://www.elexxion.com/de/unternehmen/historie/"]}]},{"@type":"BreadcrumbList","@id":"https://www.elexxion.com/de/unternehmen/historie/#breadcrumb","itemListElement":[{"@type":"ListItem","position":1,"name":"Home","item":"https://www.elexxion.com/de/"},{"@type":"ListItem","position":2,"name":"Unternehmen","item":"https://www.elexxion.com/de/unternehmen/"},{"@type":"ListItem","position":3,"name":"Historie"}]}]}</script>
<!-- / Yoast SEO plugin. -->

elexxion ag - deutscher Hersteller von Dental Lasern. Diodenlaser für Weichgewebe und Er:YAG-Laser für Hartgewebe
